2*-2). What is the highest common factor of x and 48?
6
Let l be (0 - 98/(-4))*4. Suppose 2*p + 26 = l. Calculate the greatest common factor of 24 and p.
12
Suppose -2*h + 11 = -5*o + 76, -3*h = o - 30. Suppose o = 8*v - 3*v. Calculate the greatest common divisor of 3 and v.
3
Suppose 0 = 6*l - 3 - 27. Let k = 5 + -2. Suppose 25 = l*a, -3*n = -4*n + 2*a + k. Calculate the greatest common divisor of 91 and n.
13
Let p(y) = 2*y + 6. Let v be p(8). Suppose -2*c = -v - 6. What is the greatest common factor of c and 98?
14
Let f(q) = q - 4. Let s be f(6). Let d be 15/2 - 1/2. Suppose 4*p = 4*u + 72, p + s*u - d = 5. What is the greatest common divisor of p and 128?
16
Let u(d) = -d**2 + 6*d + 3. Let f be u(5). Let v = f - 1. Suppose m - 4*m = -147. What is the greatest common factor of v and m?
7
Let n be (-150)/(-1)*(6 + 56/(-10)). Suppose -58 = 5*a + 17. Let k be a*1/(1 + -2). What is the greatest common divisor of k and n?
15
Let j(f) = -f**2 - 11*f - 13. Let d be j(-7). Let b(u) = u + 4. Let w be b(6). What is the highest common divisor of d and w?
5
Suppose 3*r - 3*d + 384 = 0, 2*d + 309 = 5*r + 940. Let i = r + 215. Suppose -j + 3*j = i. What is the greatest common divisor of 5 and j?
5
Let r be (3 - 5)*(0 + -10). Let s be -1*(0 + 2) + 162. What is the greatest common factor of s and r?
20
Let c = 69 + -54. What is the greatest common factor of c and 105?
15
Let b be 2 - 2 - 2*-9. Suppose -5*d + 0*i + 44 = -i, -d - 3*i - 4 = 0. Suppose 5*j - d*j + 18 = 0. What is the highest common divisor of b and j?
6
Let w = 426 + -226. What is the highest common factor of 25 and w?
25
Let h = 31 - 23. What is the highest common divisor of 88 and h?
8
Let k(y) = -y**3 - 5*y**2 - 4*y + 1. Let g be k(-3). Let n = 17 + -4. Let b = g + n. Calculate the highest common divisor of b and 2.
2
Let f(g) = g + 2. Let l be f(2). Suppose -34 = -6*o + 2*o + 2*p, l*p = o - 5. Let a be o + 1 - (-6 + 5). What is the greatest common factor of 77 and a?
11
Let j = 13 + -4. Let r be (-62)/(-8) - (-12)/(-16). Let q = r + -1. Calculate the greatest common divisor of q and j.
3
Suppose -13 + 9 = -m. Suppose 2*q + 11 = 5*l, -m*l - 3*q + 22 = 2*q. What is the highest common factor of l and 21?
3
Let n = 58 - 42. Calculate the greatest common factor of 2 and n.
2
Let v = -7 + 19. Suppose 0 = -5*t + 129 + 111. Calculate the highest common factor of v and t.
12
Let a(u) = -3*u + 3. Let t be a(1). Let g be (t - -4)*1 + 4. Suppose -4*l = -202 + 10. What is the highest common factor of l and g?
8
Suppose z - 10 = 2*h, -3*z = -4*h - 41 + 17. Calculate the greatest common divisor of 12 and z.
4
Let g(p) = 3*p + 1. Let i be g(-7). Let a be (-1454)/(-6) + i/60. Calculate the highest common factor of 22 and a.
22
Let k = 13 + -8. Suppose -4*s - k*w + 51 = 0, 18 = 2*s + 4*w - 6. Let r be (21/(-2))/(6/(-16)). Calculate the highest common factor of r and s.
14
Let r be (-188)/16 + (-2)/8. Let v = 28 + r. What is the highest common divisor of 40 and v?
8
Suppose x + 4*x = -s + 420, 5*s = -3*x + 252. Calculate the highest common factor of x and 12.
12
Let c = -112 + 236. Let b = c + 69. Let y be b/3 - (-2)/3. What is the greatest common factor of 13 and y?
13
Let u(i) = -i**3 + i - 1. Let b = 8 - 11. Let p be u(b). What is the greatest common divisor of 253 and p?
23
Let b = 68 + -58. What is the highest common factor of 2 and b?
2
Let q = -4 + 5. Let j be ((-5)/4)/(q/(-4)). Let n = j + 28. Calculate the highest common factor of 11 and n.
11
Suppose 3*s + 2 = -5*n, s + 7 - 17 = n. Let g be 1360/36 + 2/9. Suppose 37 + g = 5*t. Calculate the highest common factor of t and s.
3
Suppose -91 - 19 = -r. What is the greatest common factor of r and 44?
22
Let g = -5 - -7. Suppose 41 = 3*y - 4*b + 1, -b + 50 = 3*y. What is the highest common factor of g and y?
2
Let m(l) = 6*l**2 - 4*l - 3*l**2 - 4*l + l. Let w be m(6). Suppose 30 = 5*f - 0. What is the greatest common divisor of w and f?
6
Suppose 4*a = -2*g + 326, 5*a - 107 = -3*g + 377. Calculate the highest common factor of 17 and g.
17
Let q(v) = v**3 - 2*v**2 - 4*v - 4. Let o be q(4). Let a = 20 - -28. What is the highest common factor of a and o?
12
Let m be 224/(-35)*(-165)/6. What is the highest common divisor of m and 22?
22
Let s(j) = -j**2 + 9*j - 13. Let o be s(6). Suppose 3*m - 84 = c, m = -0*m - o*c + 44. Calculate the greatest common divisor of 232 and m.
29
Let m = -7 + 25. Suppose -6 = 4*d - 22. Suppose -3*h + 60 = 3*p, -6*p + 64 = -2*p - d*h. What is the greatest common divisor of m and p?
18
Let s = 11 + -3. What is the greatest common divisor of s and 88?
8
Let b be (-1 - (4 + -4)) + (5 - -404). Calculate the highest common factor of 24 and b.
24
Let x(a) = 3*a**3 - 2*a**2 + 2*a - 1. Let z be x(1). Suppose -z*g = -3 - 1. Let v be (6/4)/(6/32). Calculate the highest common divisor of v and g.
2
Let j = -53 - -77. What is the highest common factor of 56 and j?
8
Let i be (5/(20/(-108)))/(-1). Let c = -10 + i. Calculate the greatest common factor of c and 85.
17
Let b(u) = -35*u + 20. Let k be b(-6). Calculate the greatest common divisor of 46 and k.
46
Suppose w = -0*w - 5. Let x = -5 - w. Let j be x + 229 - (-2)/1. Calculate the greatest common factor of 21 and j.
21
Let j be (-18 - -6)/(2/(-8)). What is the greatest common divisor of j and 16?
16
Suppose -2*x - 5*u = -235, u = 4*x + 5*u - 488. What is the highest common divisor of 50 and x?
25
Let j = 17 - 2. What is the highest common divisor of 75 and j?
15
Suppose 5*c = -c + 378. What is the greatest common factor of 9 and c?
9
Suppose -3*t = 26 - 296. Let s = -13 - -23. Calculate the greatest common factor of t and s.
10
Suppose -l - 53 = -4*q + 28, -3*q - 2*l + 58 = 0. Let f be 4 + -2 + 0 + 0. Suppose -f*i + 7*i = 25. What is the greatest common divisor of i and q?
5
Let h = -3 + 3. Let j be 1 - 2 - -3 - h. Suppose 0 = 4*k - 2*k - 16. Calculate the greatest common factor of j and k.
2
Let f(w) = -528*w**2 - 1. Let m be f(1). Let v = m - -749. Let j be (-3)/(-1 - (-17)/20). Calculate the highest common divisor of j and v.
20
Suppose -7*a = -34 - 659. What is the greatest common divisor of 22 and a?
11
Let u = -130 + 295. Suppose 72*v - 64*v - 120 = 0. What is the greatest common factor of v and u?
15
Let f(j) = -j**3 + 5*j**2 - j + 4. Let x be f(4). Suppose -x = -3*p - p. Suppose -p*b + 1 = -43. Calculate the highest common factor of 55 and b.
11
Suppose 5*p - 32 = 8. Suppose 5 - 37 = -4*j. What is the highest common factor of p and j?
8
Suppose 4*t - 27 = 1. Calculate the greatest common divisor of 1 and t.
1
Suppose -4 - 2 = -z. What is the highest common divisor of 48 and z?
6
Suppose 4*w - 36 = w. Suppose 2*n - 6*n + 3*h = -2, -3*n + h - 1 = 0. Let c = w - n. Calculate the greatest common factor of c and 13.
13
Let d be 64/3 + 6/9. Let g = -14 + d. What is the greatest common divisor of 12 and g?
4
Let p be 1 + -3 - (-24)/6. Suppose -p*r = -6*r - 4*b + 32, 0 = b + 1. What is the highest common factor of r and 72?
9
Suppose -j = -2*j, j = 5*n + 650. Let r = 2 - n. What is the highest common factor of 12 and r?
12
Let z be 1/3 - (-1878)/9. Suppose -3*k + 34 = -50. Suppose 2*r - k - 10 = 0. What is the greatest common factor of r and z?
19
Let z be (2*-1 - -4) + 4. Let v be -2 + 4 + 1 + -1. Suppose 0 = c - v*c + 6. What is the highest common factor of z and c?
6
Suppose a = -2*x + 111, -a - 4*x - 625 = -6*a. Let b = a + -85. Suppose 0 = -3*c + c + b. Calculate the greatest common divisor of c and 9.
9
Suppose -114 = -v + 26. Let g(y) = y**2 - 44. Let n be g(8). What is the highest common factor of n and v?
20
Let c = 417 - 277. Let m be (-61 + 2/2)/1. Let v = c + m. What is the highest common divisor of 10 and v?
10
Suppose 2*b + 7 = -2*g - 3*b, 2*b + 3 = -g. Let w be g - 9/(-3) - 1. Calculate the greatest common factor of 8 and w.
1
Let j be 1 - ((-78)/(-12))/(3/(-6)). What is the highest common divisor of j and 14?
14
Let s(z) = z**3 + 2*z - 11*z**2 - 2*z**2 + 4*z**2 + 4 + 7*z. Let p be s(8). What is the highest common factor of p and 3?
3
Suppose 12*r = 3*r + 45. Calculate the greatest common divisor of 80 and r.
5
Let d = 18 - 16. What is the greatest common divisor of d and 22?
2
Suppose 5*g + 26 = 1. Let f(y) = -5*y - 5. Let i be f(g). Calculate the greatest common fac